{"id":1927,"date":"2022-03-24T15:25:56","date_gmt":"2022-03-24T15:25:56","guid":{"rendered":"https:\/\/fibrosport.pt\/?post_type=product&#038;p=1927"},"modified":"2022-03-24T15:27:58","modified_gmt":"2022-03-24T15:27:58","slug":"gradil-prfv","status":"publish","type":"product","link":"https:\/\/fibrosport.pt\/en\/produto\/gradil-prfv\/","title":{"rendered":"Gradil PRFV"},"content":{"rendered":"","protected":false},"excerpt":{"rendered":"<p>O gradil em PRFV \u00e9 fabricado em pain\u00e9is com uma malha de elevada resist\u00eancia que permite o corte no local de aplica\u00e7\u00e3o, de forma a minimizar o desperd\u00edcio. Este gradil tem uma malha quadrada com barras de sec\u00e7\u00f5es iguais em ambas as dire\u00e7\u00f5es, que permite a sua aplica\u00e7\u00e3o sem apoio cont\u00ednuo ao longo dos lados, tornando-se ideal para muitas instala\u00e7\u00f5es industriais<\/p>\n","protected":false},"featured_media":1928,"template":"","meta":[],"product_cat":[68],"product_tag":[],"class_list":["post-1927","product","type-product","status-publish","has-post-thumbnail","hentry","product_cat-covers"],"_links":{"self":[{"href":"https:\/\/fibrosport.pt\/en\/wp-json\/wp\/v2\/product\/1927","targetHints":{"allow":["GET"]}}],"collection":[{"href":"https:\/\/fibrosport.pt\/en\/wp-json\/wp\/v2\/product"}],"about":[{"href":"https:\/\/fibrosport.pt\/en\/wp-json\/wp\/v2\/types\/product"}],"wp:featuredmedia":[{"embeddable":true,"href":"https:\/\/fibrosport.pt\/en\/wp-json\/wp\/v2\/media\/1928"}],"wp:attachment":[{"href":"https:\/\/fibrosport.pt\/en\/wp-json\/wp\/v2\/media?parent=1927"}],"wp:term":[{"taxonomy":"product_cat","embeddable":true,"href":"https:\/\/fibrosport.pt\/en\/wp-json\/wp\/v2\/product_cat?post=1927"},{"taxonomy":"product_tag","embeddable":true,"href":"https:\/\/fibrosport.pt\/en\/wp-json\/wp\/v2\/product_tag?post=1927"}],"curies":[{"name":"wp","href":"https:\/\/api.w.org\/{rel}","templated":true}]}}

<p>O gradil em PRFV é fabricado em painéis com uma malha de elevada resistência que permite o corte no local de aplicação, de forma a minimizar o desperdício. Este gradil tem uma malha quadrada com barras de secções iguais em ambas as direções, que permite a sua aplicação sem apoio contínuo ao longo dos lados, tornando-se ideal para muitas instalações industriais</p>
